{"id":713,"date":"2019-12-19T14:36:08","date_gmt":"2019-12-19T13:36:08","guid":{"rendered":"http:\/\/www.blumenbiene.de\/?page_id=713"},"modified":"2025-11-04T08:49:57","modified_gmt":"2025-11-04T07:49:57","slug":"unser-rhoenhonig","status":"publish","type":"page","link":"https:\/\/www.blumenbiene.de\/index.php\/unser-rhoenhonig\/","title":{"rendered":"Unser-Honig"},"content":{"rendered":"<div id=\"pl-713\"  class=\"panel-layout\" ><div id=\"pg-713-0\"  class=\"panel-grid panel-no-style\" ><div id=\"pgc-713-0-0\"  class=\"panel-grid-cell\" ><div id=\"panel-713-0-0-0\" class=\"so-panel widget widget_sow-editor panel-first-child panel-last-child\" data-index=\"0\" ><div\n\t\t\t\n\t\t\tclass=\"so-widget-sow-editor so-widget-sow-editor-base\"\n\t\t\t\n\t\t>\n<div class=\"siteorigin-widget-tinymce textwidget\">\n\t<p>&nbsp;<\/p>\n<p style=\"text-align: center;\"><span style=\"font-size: 24px; color: #800000;\"><strong><span style=\"font-family: 'trebuchet ms', geneva, sans-serif;\">Unser Honig<\/span><\/strong><\/span><\/p>\n<p>&nbsp;<\/p>\n<p style=\"text-align: center;\"><span style=\"font-family: 'trebuchet ms', geneva, sans-serif; font-size: 20px; color: #003300;\">Unser Rh\u00f6nhonig ist ein gesundes und kostbares Erzeugnis aus der Natur, das unsere Bienen im Biosph\u00e4renreservat Rh\u00f6n aus vielen Nektarien gesammelt und unter Bereicherung von k\u00f6rpereigenen Stoffen weiterentwickelt haben.<\/span><\/p>\n<p style=\"text-align: center;\"><span style=\"font-family: 'trebuchet ms', geneva, sans-serif; font-size: 20px; color: #003300;\">Die bunten duftenden Wiesen und W\u00e4lder der Rh\u00f6n verleihen unserem Honig das feine einmalige Aroma und den erlesenen Geschmack.<\/span><\/p>\n<p style=\"text-align: center;\">\n<\/div>\n<\/div><\/div><\/div><\/div><div id=\"pg-713-1\"  class=\"panel-grid panel-no-style\" ><div id=\"pgc-713-1-0\"  class=\"panel-grid-cell\" ><div id=\"panel-713-1-0-0\" class=\"so-panel widget widget_sow-image panel-first-child panel-last-child\" data-index=\"1\" ><div\n\t\t\t\n\t\t\tclass=\"so-widget-sow-image so-widget-sow-image-default-8b5b6f678277-713\"\n\t\t\t\n\t\t>\n<div class=\"sow-image-container\">\n\t\t<img \n\tsrc=\"https:\/\/www.blumenbiene.de\/wp-content\/uploads\/2019\/12\/IMG_2184-2016_12_10-18_08_16-UTC-2018_01_29-15_12_30-UTC.jpg\" width=\"1908\" height=\"1431\" srcset=\"https:\/\/www.blumenbiene.de\/wp-content\/uploads\/2019\/12\/IMG_2184-2016_12_10-18_08_16-UTC-2018_01_29-15_12_30-UTC.jpg 1908w, https:\/\/www.blumenbiene.de\/wp-content\/uploads\/2019\/12\/IMG_2184-2016_12_10-18_08_16-UTC-2018_01_29-15_12_30-UTC-100x75.jpg 100w, https:\/\/www.blumenbiene.de\/wp-content\/uploads\/2019\/12\/IMG_2184-2016_12_10-18_08_16-UTC-2018_01_29-15_12_30-UTC-300x225.jpg 300w, https:\/\/www.blumenbiene.de\/wp-content\/uploads\/2019\/12\/IMG_2184-2016_12_10-18_08_16-UTC-2018_01_29-15_12_30-UTC-1024x768.jpg 1024w, https:\/\/www.blumenbiene.de\/wp-content\/uploads\/2019\/12\/IMG_2184-2016_12_10-18_08_16-UTC-2018_01_29-15_12_30-UTC-768x576.jpg 768w, https:\/\/www.blumenbiene.de\/wp-content\/uploads\/2019\/12\/IMG_2184-2016_12_10-18_08_16-UTC-2018_01_29-15_12_30-UTC-1536x1152.jpg 1536w\" sizes=\"(max-width: 1908px) 100vw, 1908px\" title=\"IMG_2184 (2016_12_10 18_08_16 UTC) (2018_01_29 15_12_30 UTC)\" alt=\"\" \t\tclass=\"so-widget-image\"\/>\n\t<\/div>\n\n<\/div><\/div><\/div><div id=\"pgc-713-1-1\"  class=\"panel-grid-cell panel-grid-cell-empty\" ><\/div><div id=\"pgc-713-1-2\"  class=\"panel-grid-cell panel-grid-cell-mobile-last\" ><div id=\"panel-713-1-2-0\" class=\"so-panel widget widget_sow-editor panel-first-child panel-last-child\" data-index=\"2\" ><div\n\t\t\t\n\t\t\tclass=\"so-widget-sow-editor so-widget-sow-editor-base\"\n\t\t\t\n\t\t>\n<div class=\"siteorigin-widget-tinymce textwidget\">\n\t<p style=\"text-align: center;\"><span style=\"font-family: 'trebuchet ms', geneva, sans-serif; font-size: 20px; color: #800000;\">Weitab von den grossen Verkehrszentren und Industriegebieten unseres Landes, auf den sonnigen H\u00f6hen, den gr\u00fcnen T\u00e4lern und den dunklen tiefen W\u00e4ldern des Biosph\u00e4renreservats Rh\u00f6n finden Sie unsere Bienenst\u00f6cke. Viele Defekte der Gesundheit werden durch Mineralstoffmangel und weissem Zucker hervorgerufen. Das S\u00fcsse im Honig ist jedoch von ganz anderer Natur. Neben unz\u00e4hligen Mineralien besteht Honig aus einem biologischem Verbund hochwertiger Bl\u00fctenzucker, wie sie vom Organismus st\u00e4ndig gebraucht werden.<\/span><\/p>\n<\/div>\n<\/div><\/div><\/div><div id=\"pgc-713-1-3\"  class=\"panel-grid-cell panel-grid-cell-empty\" ><\/div><\/div><div id=\"pg-713-2\"  class=\"panel-grid panel-no-style\" ><div id=\"pgc-713-2-0\"  class=\"panel-grid-cell\" ><div id=\"panel-713-2-0-0\" class=\"so-panel widget widget_sow-editor panel-first-child panel-last-child\" data-index=\"3\" ><div\n\t\t\t\n\t\t\tclass=\"so-widget-sow-editor so-widget-sow-editor-base\"\n\t\t\t\n\t\t>\n<div class=\"siteorigin-widget-tinymce textwidget\">\n\t<p>&nbsp;<\/p>\n<p style=\"text-align: center;\"><span style=\"font-family: 'trebuchet ms', geneva, sans-serif; font-size: 14pt; color: #000000;\">Unser Honig ist absolut Naturbelassen, d. h. er wird teilweise fest und kristallisiert. In diesem Zustand ist er cremig und zudem von ganz besonderem Geschmack. An dem inneren Wert hat er dadurch nichts verloren. Ganz im Gegenteil, Honig der nicht kristallisiert ist oft entwertet.<\/span><\/p>\n<p>&nbsp;<\/p>\n<p style=\"text-align: center;\"><span style=\"color: #800000;\"><strong><span style=\"font-family: 'trebuchet ms', geneva, sans-serif; font-size: 18pt;\">In unserer Imkerei erworbener Honig ist absolut naturbelassen.<\/span><\/strong><\/span><\/p>\n<\/div>\n<\/div><\/div><\/div><\/div><div id=\"pg-713-3\"  class=\"panel-grid panel-no-style\" ><div id=\"pgc-713-3-0\"  class=\"panel-grid-cell panel-grid-cell-empty\" ><\/div><\/div><\/div>","protected":false},"excerpt":{"rendered":"<p>&nbsp; Unser Honig &nbsp; Unser Rh\u00f6nhonig ist ein gesundes und kostbares Erzeugnis aus der Natur, das unsere Bienen im Biosph\u00e4renreservat Rh\u00f6n aus vielen Nektarien gesammelt und unter Bereicherung von k\u00f6rpereigenen Stoffen weiterentwickelt haben. Die bunten duftenden Wiesen und W\u00e4lder der Rh\u00f6n verleihen unserem Honig das feine einmalige Aroma und den erlesenen Geschmack. Weitab von den [&hellip;]<\/p>\n","protected":false},"author":1,"featured_media":0,"parent":0,"menu_order":0,"comment_status":"closed","ping_status":"closed","template":"","meta":{"footnotes":""},"class_list":["post-713","page","type-page","status-publish","hentry","post"],"_links":{"self":[{"href":"https:\/\/www.blumenbiene.de\/index.php\/wp-json\/wp\/v2\/pages\/713","targetHints":{"allow":["GET"]}}],"collection":[{"href":"https:\/\/www.blumenbiene.de\/index.php\/wp-json\/wp\/v2\/pages"}],"about":[{"href":"https:\/\/www.blumenbiene.de\/index.php\/wp-json\/wp\/v2\/types\/page"}],"author":[{"embeddable":true,"href":"https:\/\/www.blumenbiene.de\/index.php\/wp-json\/wp\/v2\/users\/1"}],"replies":[{"embeddable":true,"href":"https:\/\/www.blumenbiene.de\/index.php\/wp-json\/wp\/v2\/comments?post=713"}],"version-history":[{"count":56,"href":"https:\/\/www.blumenbiene.de\/index.php\/wp-json\/wp\/v2\/pages\/713\/revisions"}],"predecessor-version":[{"id":2515,"href":"https:\/\/www.blumenbiene.de\/index.php\/wp-json\/wp\/v2\/pages\/713\/revisions\/2515"}],"wp:attachment":[{"href":"https:\/\/www.blumenbiene.de\/index.php\/wp-json\/wp\/v2\/media?parent=713"}],"curies":[{"name":"wp","href":"https:\/\/api.w.org\/{rel}","templated":true}]}}